 -4*c + y. Calculate the greatest common factor of c and 13.
13
Suppose -1327 = -x + 6*b - 7*b, 2*x + b = 2647. Calculate the greatest common factor of x and 960.
120
Let v = 108 - 18. Let a be (6/9)/(10/360). What is the highest common divisor of v and a?
6
Suppose 13*x + t = 15*x - 497, -t = x - 259. Calculate the greatest common divisor of 1288 and x.
28
Let g = 38 - 32. Suppose 0 = g*r - 294 - 906. Calculate the greatest common divisor of 50 and r.
50
Suppose 0 = -a - 7*y + 8717, -18*a + 15*a = 2*y - 26265. Calculate the highest common factor of 57 and a.
19
Let l be (-1216)/(-228) + (-2)/6. Calculate the highest common divisor of 215 and l.
5
Suppose 2156 = 146*n - 124*n. Calculate the greatest common divisor of 2891 and n.
49
Let p = -147 - -143. Let g(j) = -j**3 - 5*j**2 - 6*j + 7. Let c be g(p). Suppose -12 = -2*b - b - i, i = -b + 6. Calculate the highest common factor of b and c.
3
Let s(f) = 18*f**2 + 124*f - 5. Let b be s(2). Calculate the highest common divisor of 3375 and b.
45
Let n(t) = -t**2 - 19*t - 33. Let u be n(-17). Let k be -3 + u/((-4)/(-12)). Suppose k = 4*a - 3*a - 60. Calculate the highest common divisor of a and 12.
12
Let h(v) = -7 - 2 + 4 - 6*v + v**2. Let g be h(-3). Let k = g - 8. Calculate the greatest common factor of 14 and k.
14
Suppose -4*i + 4*v - 42 = 2, v - 35 = 5*i. Let f be ((-160)/i)/(-3 + 230/75). What is the highest common divisor of f and 16?
16
Suppose -206*l + 6270 = 79*l. What is the highest common divisor of 8338 and l?
22
Suppose -54*r + 25*r = -28*r. Suppose 4*f - 10*f + 48 = r. What is the greatest common divisor of 28 and f?
4
Suppose 4*z - 3*m - 57 = -0*m, -2*z = m - 41. Suppose -j = 5*d - 998, -3*d + 7*j = 8*j - 598. Let i = 236 - d. What is the greatest common factor of i and z?
18
Suppose -15*m + 19*m = 2076. Calculate the greatest common divisor of 1903 and m.
173
Suppose -5*z + 25 = -4*o, 0*o - 10 = 5*o - 2*z. Suppose -2*b - 2*i = -70 - 104, -2*b + 3*i + 189 = o. What is the highest common divisor of b and 126?
18
Let s be 388*14/280 - 10/25. Calculate the highest common factor of s and 30913.
19
Suppose 0 = -16*h + 20 + 364. Let m = h + 46. Calculate the highest common factor of m and 175.
35
Let s be (-162)/135*(-110)/6. Let x be (-3 + 2)/1*-11. What is the highest common divisor of x and s?
11
Let p(o) = o - 20. Let b(h) = -2. Let f(u) = -4*b(u) - 2*p(u). Let m be f(15). Suppose -3*s = -45 - m. Calculate the highest common divisor of 35 and s.
7
Let b(i) = -2*i**3 - 8*i**2 + 7*i - 15. Let d be b(-5). Suppose d = -4*z + 9*z - 55. What is the highest common divisor of 649 and z?
11
Let x be (275 - -130) + (-2 - -15) + -2. Calculate the greatest common divisor of 160 and x.
32
Let n be 57/(-19) - 6/9*(-5094)/12. What is the highest common divisor of n and 952?
56
Suppose 181 = 5*y - 2*a, 46*y = 49*y - a - 108. What is the highest common divisor of 2240 and y?
35
Let d be (-80197)/(-1612) - (-1 + (-9)/(-12)). What is the highest common divisor of 8350 and d?
50
Let z(w) = -3 - 10 - 2*w + 5. Let p be z(-5). What is the greatest common factor of p and 106?
2
Let u(d) = -3*d - 3. Let t be u(13). Let s be (60/(-14))/((-6)/t). Let r = 62 + s. Calculate the greatest common divisor of 32 and r.
32
Let g = 25 + -20. Let y(h) = -h**2 + 8*h + 6. Let w be y(g). Suppose w - 2 = x. What is the greatest common divisor of 38 and x?
19
Suppose 80*x + 123*x - 1488 = 172*x. What is the highest common factor of x and 2388?
12
Let x(k) = 3*k**2 - 2*k - 4. Let g be x(3). Let b = -119 - -252. Let s = 269 - b. Calculate the highest common divisor of s and g.
17
Let q = -147511 - -147551. Suppose 2*a - 3 = -2*l + 11, -2*l + 5*a = 0. What is the highest common factor of q and l?
5
Let j be 1211/(-28) - (-2)/8. Let o = j + 43. Let s be -1 + -1 + (12*4 - o). Calculate the highest common divisor of s and 23.
23
Let x = -4 - -5. Let j be (-4 + 4)*(-1)/(-2). Suppose l + y - 1 = 12, j = -3*l + 5*y + 31. Calculate the greatest common factor of x and l.
1
Let d be ((-3 - 0)*-13)/1. Let q(m) be the third derivative of m**4/24 + 7*m**3/6 + 12*m**2. Let j be q(19). Calculate the greatest common divisor of d and j.
13
Let u = 320 + -299. Let i be (-8)/(-20) - (-85648)/80. What is the highest common divisor of i and u?
21
Let q = 2031 - 1129. Suppose 0*j - 2*j - 5*z + 29 = 0, -z = -j + 25. What is the highest common factor of q and j?
22
Let k = 100 + -69. Suppose 0*z - 3*z + k = 5*x, 2*z = 3*x + 8. Calculate the greatest common divisor of 119 and z.
7
Suppose -8*m = -13*m + 50. Let y(o) = -o**2 + 11*o - 18. Let j be y(8). Suppose -j*q = -432 - 48. What is the greatest common divisor of q and m?
10
Let p = 24 + -23. Let n(d) = 30*d**3 + 3*d**2 - d + 1. Let b be n(p). Let f be (6/(-4))/(b/(-88)). What is the highest common divisor of f and 16?
4
Let i be 5016/429 + (-4)/(-13). What is the greatest common divisor of 3972 and i?
12
Suppose k + 9847 = 3*q, 169*k - 173*k + 16457 = 5*q. What is the highest common factor of 45 and q?
45
Suppose 0 = -106*a + 114*a. Let c(q) = q + 5. Let l be c(7). Suppose d + d - l = a. What is the highest common divisor of d and 12?
6
Suppose -19*d + 408 = 5*d. Let l(j) = -17*j. Let w be l(-4). Calculate the highest common divisor of w and d.
17
Let u be ((-10)/15*-3)/(4/102200*7). Calculate the highest common factor of 200 and u.
100
Suppose -8 = -2*c + 1774. Let i be (4/(-3))/(6/c). Let n be ((-27)/6)/3*i. Calculate the greatest common factor of n and 33.
33
Suppose 6*k = 10*k - 28. Suppose k*t = 6*t + 12. Let l(h) = -8*h - 36. Let w be l(-18). What is the greatest common divisor of t and w?
12
Let j = 19222 + -19165. What is the highest common factor of j and 10355?
19
Suppose 0 = -2*r + 2 + 18. Let c be 15*(6/(-27) + r/18). Let z(y) = 6*y - 15. Let p be z(c). Calculate the highest common factor of p and 3.
3
Let q(b) = -9*b + 92. Let r be q(10). Suppose -r*c = w - 678, -3*c - 4*w = -8*c + 1708. What is the highest common divisor of 20 and c?
20
Let z be 16408 + 0 + 421 + -441. Calculate the greatest common divisor of 68 and z.
68
Let t = 9 - -1. Let f be 221 + (27/(-9) - -6). Suppose 74 - f = -6*z. What is the greatest common factor of t and z?
5
Let z be 14/2 - (476 + 48). Let w = 571 + z. Calculate the highest common factor of w and 27.
27
Suppose 0*p = -p + 5*v - 10, p - 4*v + 5 = 0. Suppose -5*l + 15 = 0, -32*l + 29*l + 1284 = 5*y. What is the highest common divisor of y and p?
15
Let b(v) = -v + 21. Let y be b(-1). Calculate the greatest common factor of 4906 and y.
22
Let r = 28586 - 28585. Calculate the greatest common factor of 807 and r.
1
Let y(d) = 14*d**2 + 18*d + 8. Let m be y(-3). What is the greatest common factor of m and 7120?
80
Let u(k) = -k**2 - 60*k - 572. Let f be u(-32). Calculate the highest common factor of 234 and f.
18
Let n = -196 + 144. Let r = n - -214. Calculate the highest common factor of r and 6.
6
Let s = 61 - 29. Suppose 4 = -5*k + 29. Suppose -k*c = -2*c - 12. What is the highest common divisor of s and c?
4
Suppose 20*t - 7 = 393. Suppose 0 = t*n - 1039 + 319. Calculate the greatest common divisor of n and 48.
12
Let l = -14431 - -14471. Calculate the greatest common divisor of l and 1296.
8
Suppose -2*f - f - 2*x = 910, 0 = 4*f + 5*x + 1225. Let a be (f/(-9))/(20/60). Calculate the highest common factor of 5 and a.
5
Suppose -4*i + 1 - 57 = 0. Let w(t) = -18*t + 15*t + 3 + 3. Let x be w(i). What is the greatest common factor of x and 16?
16
Let d be (6/5)/((-1)/(-5)). Let i(t) = 3*t - 6. Let x be i(d). Suppose 4*g = -3*a - 732 + 704, -84 = -4*a + 4*g. What is the greatest common factor of x and a?
4
Let g be (-4*(-1)/(-5))/(3/(-15)). Let q(t) = -1 + t + 2 + 0*t. Let r be q(0). Calculate the greatest common divisor of g and r.
1
Let p = 4378 + -4342. What is the highest common factor of p and 765?
9
Let z be (-11574)/(-45) + (-99)/(-55) + -2. What is the greatest common factor of 12079 and z?
257
Let k be 209810/70 + 8/(-28). Suppose 204*o + k = 213*o. What is the highest common divisor of o and 9?
9
Let r be -3 + 5416 + 3 - 14. What is the highest common divisor of r and 37?
37
Let k be (31438/77)/((-6)/(-588)). Calculate the greatest common divisor of k and 28.
28
Let q = 72 - 12. Let p be (-98 + 71)/(2 - (-52)/(-20)). What is the highest common fa